p) = p + 6. Let s be f(-6). Let v be (-2 - -4) + s - -1. Suppose z - 6 - v = 0. What is the units digit of z?
9
Suppose 0 = q + g + 6, 2*q - 4*g = -2*g - 32. Let b(r) = -r**2 - 13*r - 4. What is the units digit of b(q)?
8
Suppose -q - 435 = -5*a, 4*q = -a + 3*q + 87. What is the units digit of a?
7
Let o(y) = y**2 + 5*y - 2. Let d be o(-4). What is the units digit of (-105)/d + 1/2?
8
Let t(n) = -12*n - 2. What is the units digit of t(-2)?
2
Suppose -4*o - 12 = 0, 4*u + 15 = u - 2*o. Suppose 6 = -g + 2*c, -4*g + 2*c + 21 = 3*c. Let l = g + u. What is the units digit of l?
1
Suppose -2 - 1 = -p + c, 2*p + 3*c + 4 = 0. Let n be (3/(-6))/(p/(-6)). Let y = n - 2. What is the units digit of y?
1
Suppose p - 3*p + 5*w = -2, 5*p + 10 = 5*w. Let r(t) be the second derivative of t**4/12 + 2*t**3/3 + 3*t**2/2 - 17*t. What is the units digit of r(p)?
3
Suppose -2*j + 4*j = 10. Suppose 10 = j*t - 20. What is the units digit of t?
6
Suppose -9*d = -4*d - 300. What is the tens digit of d?
6
Let q = -21 - -11. Let d = q - -15. Suppose -v = -d - 4. What is the units digit of v?
9
Let y(s) = -s**3 - 3*s**2 + s + 3. Let g be y(-3). Suppose 8*m - 4*m - 48 = g. What is the tens digit of m?
1
Let h(p) = p**3 + 3*p**2 - 4*p + 5. Let f be h(-4). Suppose 5*g + 3*j - 4*j - 40 = 0, 0 = 5*g + f*j - 70. What is the units digit of g?
9
Let h(r) = r - 1. Let g be h(1). Suppose t + 3*c = -3, 0 = -g*t - t + 2*c + 22. What is the units digit of t?
2
Let j(h) = 6*h**2 - 1. Let v = -6 - -5. What is the units digit of j(v)?
5
Let i = 32 + 7. Suppose z + 15 = i. What is the tens digit of z?
2
What is the tens digit of (-456)/(-9) - 1/(-3)?
5
Suppose -6 = 2*f - 50. What is the tens digit of f?
2
Suppose 111 = -9*w + 966. What is the units digit of w?
5
Let z(b) = b**3 + 4*b**2 - 5*b - 6. Let s be z(-5). What is the units digit of 11 + 2/(s/(-9))?
4
Let n(x) = x**2 - x + 1. Let d(m) = -4*m**2 - 4*m - 5. Let f(t) = d(t) + 3*n(t). What is the units digit of f(-6)?
4
What is the units digit of 8/((-48)/(-405)) + 2/(-4)?
7
Let t(q) = q**3 - 7*q**2 - 2*q - 8. Let g be -1 + 1/2*18. What is the units digit of t(g)?
0
Let d(w) = w**3 + 10*w**2 - 2*w - 5. What is the tens digit of d(-9)?
9
Let r be ((-28)/8)/((-1)/(-2)). Let t = 2 - r. What is the units digit of t?
9
Let f(y) = y - 3. Suppose i - q - 10 = 0, -3*i + q = 4*q. Let h = 11 - i. What is the units digit of f(h)?
3
Let k = 23 - 8. What is the units digit of ((-80)/k)/((-4)/6)?
8
Let c = -5 + 23. Suppose -i + c = -0. What is the units digit of i?
8
Suppose 0 = 2*i + i - 159. What is the tens digit of i?
5
Let d(j) = 2*j**2 - 4*j - 4. What is the tens digit of d(6)?
4
Let d be 273/14 + (-3)/2. What is the tens digit of (-23)/(-2) - 9/d?
1
Suppose 2*z - 16 = 4*l, 4*z + l + 0*l - 50 = 0. Let k be (9/z)/((-1)/(-4)). Suppose 3 = -2*x + k*x. What is the units digit of x?
3
Let h be (-2 - 1)/((-2)/(-10)). What is the units digit of (-5)/h + 17/3?
6
Let h = -20 - -80. What is the tens digit of h?
6
What is the units digit of 6/2*(-276)/(-12)?
9
Suppose 3*m = 4*c + 175, 143 = 3*m + 5*c - c. What is the units digit of m?
3
Let j(g) = g**2 - 5*g + 6. Let d be j(4). Suppose -9 = 2*x + d*c + 1, 3*x - 5*c - 17 = 0. Let s = x - -4. What is the units digit of s?
3
Suppose 5 = n - 20. What is the units digit of n?
5
Let r = 43 + -24. Suppose 3 = s, -2*c - 3*s + r = -4*s. What is the units digit of c?
1
Let q be (-3)/(-15) + (-196)/5. Let w = q - -12. Let z = w - -42. What is the tens digit of z?
1
Suppose 3*t = -1 - 38. Let s = t - -34. What is the units digit of s?
1
Let a(i) be the first derivative of -1/2*i**2 - 4*i - 1. What is the units digit of a(-8)?
4
Let z(j) = -j**3 + 11*j**2 - 3*j - 16. What is the tens digit of z(9)?
1
Suppose 0 = -2*p + 13 + 35. Let r = -12 + p. What is the tens digit of r?
1
Let p(n) = n**3 - 6*n**2 - 7*n + 3. Let s be p(7). Let r = s + -1. Suppose 18 = 2*g + r. What is the units digit of g?
8
Suppose 0 = -3*x - 56 + 158. What is the tens digit of x?
3
Suppose -5*n + 5*t + 10 = 0, -4*n + 9*t + 10 = 4*t. Suppose n = -2*c - 4. Let o(a) = -a**3 - 2*a - 3. What is the units digit of o(c)?
9
Suppose 2*r + 0 = -g - 16, 5*g = 5*r - 5. Let x = g - -10. What is the units digit of x?
4
Suppose -4*c = -7*c - 3. Let i(o) = 0 - 3 - 7*o + 2. What is the units digit of i(c)?
6
Let t be (-6)/(-2) - (2 - 2). Suppose 0*b + 16 = 4*b. Suppose -3*n = -b*z - n + 8, 8 = 4*z - t*n. What is the units digit of z?
2
Let d be (-8)/(-12)*(-9)/(-2). Let x be 284/12 - (-1)/d. Let r = x + -17. What is the units digit of r?
7
Suppose 3*m + 3 = 6. Let z be (6/(-9))/((-4)/6). What is the units digit of 0/m*z + 2?
2
Let j = 25 - 19. Let b(p) = 2*p**2 - 4*p - 7. What is the tens digit of b(j)?
4
What is the tens digit of (-14 - 1)*((-12)/15 + -1)?
2
Suppose 5*u = 4*u - q + 6, u - q - 16 = 0. Suppose d = -x - 2*x + 3, 0 = x - 3*d - u. Suppose 3*k + x*k = 55. What is the units digit of k?
1
What is the units digit of ((-232)/(-6) + (-1 - -3))*3?
2
Suppose 19 + 1 = 4*j. Suppose j*q - 33 = 7. Suppose -s = 3*d - d - 5, 3*d + s = q. What is the units digit of d?
3
What is the tens digit of (-6)/2*-26*(-3)/(-9)?
2
Let a(s) = 14*s**2 - 5*s - 1. What is the tens digit of a(3)?
1
Suppose 159 = 5*k - 11. What is the units digit of k?
4
Suppose 3*p + 38 - 128 = 0. Suppose 5*l + p = -0*l. Let n(r) = -r**3 - 5*r**2 + 6*r + 9. What is the units digit of n(l)?
9
Let w(q) = -q**3 + 4*q**2 + 3*q - 5. Let x be w(4). Let v = 8 - x. What is the units digit of v?
1
Suppose 2*m - m - 3 = 0. Suppose -3*x + 54 = m. What is the units digit of x?
7
What is the units digit of (-1 - (1 - 14))/((-20)/(-110))?
6
Let k(q) = 4*q - 9. Let w(f) = -f + 2. Suppose i - 52 = -3*i + 4*j, 0 = -i - 5*j - 11. Let g(p) = i*w(p) + 2*k(p). What is the units digit of g(-4)?
4
Suppose 6*x = 2*x + 68. Let r = -10 + x. Let s = r + -2. What is the units digit of s?
5
Suppose -3*r - 2*u + 364 = 0, -6*u + u = r - 130. What is the hundreds digit of r?
1
Suppose -2*j - 2*i + 150 = 0, 2*j + 2*i = -3*i + 147. What is the tens digit of j?
7
Suppose -6*j = -3*j - 66. What is the tens digit of j?
2
Suppose s - 2 = 1. Suppose 0 = -s*l - 4*k - 6, 3*k + 1 = l - 10. Let w = l - -12. What is the units digit of w?
4
Let l be 0 + 0/((-3)/3). Suppose l = -0*u + u + 3. Let n = 13 + u. What is the units digit of n?
0
Suppose 30 = -4*g + g. What is the units digit of g/(-15)*66/4?
1
Suppose 2*l - 4 = -0*l. What is the units digit of 9 + l + 1 + 2?
4
Let o(u) = 22*u + 12. What is the tens digit of o(2)?
5
Let q = 83 + -44. What is the units digit of q?
9
Suppose s + 0*s = 9. Suppose -y + s = 1. Suppose y = -2*n + 34. What is the tens digit of n?
1
Suppose 2*k + 3 + 1 = 2*o, 3*o + 5*k = 38. Let b = -2 + o. Suppose -b*r - 5*a = -9 - 21, a = -5*r + 27. What is the units digit of r?
5
Let d = -22 - -69. What is the units digit of d?
7
Suppose -3*o = -4*z - 40, -3*z + 10 = -4*z - o. What is the units digit of 4/z - (-3630)/75?
8
Suppose -55 + 20 = -k. What is the tens digit of k?
3
Let o(w) = 3*w**2 + 4*w. Let j be o(-3). Suppose 0 = -3*q + j, 5*k - 11 = -4*q + 49. What is the units digit of k?
8
Suppose 5*o - 8 = 4*r - 5*r, 3*r + 6 = 0. Suppose -6*p + 16 = -o*p. Let t = p + 3. What is the units digit of t?
7
Let v be ((-9)/12 - 0)*-16. Let w = v - 7. What is the units digit of w?
5
Suppose 3*l + 1 - 4 = 0. Let b = -5 + 8. What is the units digit of (b + -2)*(l + 6)?
7
Suppose -4*n = -3*n. Suppose n = -4*h + m + 28, -3*h = -2*m + m - 22. Suppose -10 - h = -5*b - 3*x, 3*x = -b + 8. What is the units digit of b?
2
Let n(g) = g**3 - g**2 + g. Let c be n(0). Suppose c = p + 3, -2*d + 3*p - 4*p + 3 = 0. What is the units digit of d?
3
Let a(q) be the first derivative of q**2/2 + 2*q + 2. Let n be a(0). Suppose n*x - 4 - 7 = 5*i, 2 = -2*i. What is the units digit of x?
3
Suppose -24 = -3*z - s, -3*s = s. Let r be (-1)/3 + 8/(-3). Let p = r + z. What is the units digit of p?
5
Let f = -83 + 151. What is the tens digit of f?
6
Let h = -7 + -5. Let l be (-2)/(-4) + h/(-8). Suppose 3*u - l*u - 2 = 0. What is the units digit of u?
2
Suppose 4*v = 12, 2*h + 17 = -5*v - 16. Let r = -11 - h. What is the tens digit of r?
1
Let l(o) = o**3 - 5*o**2 - 5*o. Let m(j) = j**2 + 4*j - 1. Let b be m(-5). Suppose -3*q - v = -21, -5*q + 4*q - b*v + 1